?
9
What is the units digit of 13556?
6
What is the thousands digit of 1178246?
8
What is the hundred thousands digit of 113465?
1
What is the units digit of 207713?
3
What is the thousands digit of 3289407?
9
What is the units digit of 5661209?
9
What is the hundred thousands digit of 527374?
5
What is the hundred thousands digit of 2869038?
8
What is the units digit of 1801465?
5
What is the hundred thousands digit of 14993745?
9
What is the tens digit of 13490?
9
What is the hundreds digit of 136887?
8
What is the hundreds digit of 219692?
6
What is the millions digit of 1211684?
1
What is the millions digit of 5974891?
5
What is the tens digit of 421321?
2
What is the hundred thousands digit of 371565?
3
What is the tens digit of 554202?
0
What is the ten thousands digit of 14753423?
5
What is the ten thousands digit of 1604962?
0
What is the thousands digit of 1076309?
6
What is the hundreds digit of 200363?
3
What is the thousands digit of 7701294?
1
What is the ten thousands digit of 302952?
0
What is the ten thousands digit of 207334?
0
What is the tens digit of 191125?
2
What is the ten thousands digit of 170009?
7
What is the units digit of 687285?
5
What is the units digit of 270860?
0
What is the hundreds digit of 404796?
7
What is the units digit of 49282?
2
What is the thousands digit of 8329514?
9
What is the tens digit of 1230881?
8
What is the thousands digit of 2464093?
4
What is the tens digit of 10100404?
0
What is the units digit of 52296?
6
What is the tens digit of 10795790?
9
What is the hundreds digit of 118555?
5
What is the hundreds digit of 489499?
4
What is the hundred thousands digit of 9724067?
7
What is the hundred thousands digit of 1036764?
0
What is the hundreds digit of 681041?
0
What is the hundred thousands digit of 11857735?
8
What is the units digit of 15774133?
3
What is the ten thousands digit of 2035998?
3
What is the tens digit of 116570?
7
What is the ten thousands digit of 14591880?
9
What is the units digit of 6032844?
4
What is the thousands digit of 1473130?
3
What is the ten thousands digit of 3420439?
2
What is the ten thousands digit of 3698555?
9
What is the units digit of 1130386?
6
What is the tens digit of 5441005?
0
What is the thousands digit of 101602?
1
What is the hundreds digit of 532743?
7
What is the units digit of 2259114?
4
What is the thousands digit of 187694?
7
What is the ten thousands digit of 97070?
9
What is the hundred thousands digit of 373518?
3
What is the tens digit of 81819?
1
What is the hundreds digit of 589912?
9
What is the hundred thousands digit of 4845809?
8
What is the ten thousands digit of 737221?
3
What is the hundred thousands digit of 305225?
3
What is the hundred thousands digit of 11472491?
4
What is the hundreds digit of 961890?
8
What is the hundreds digit of 145373?
3
What is the thousands digit of 917331?
7
What is the hundred thousands digit of 19457967?
4
What is the thousands digit of 385375?
5
What is the tens digit of 24109?
0
What is the hundreds digit of 13338055?
0
What is the units digit of 152104?
4
What is the thousands digit of 589901?
9
What is the thousands digit of 22142235?
2
What is the thousands digit of 8735665?
5
What is the millions digit of 3265129?
3
What is the tens digit of 228352?
5
What is the ten thousands digit of 1360478?
6
What is the thousands digit of 12972849?
2
What is the units digit of 10360559?
9
What is the ten thousands digit of 1019376?
1
What is the units digit of 26731203?
3
What is the hundreds digit of 3383308?
3
What is the hundred thousands digit of 2885567?
8
What is the hundreds digit of 34662437?
4
What is the hundreds digit of 598015?
0
What is the hundreds digit of 4657050?
0
What is the ten thousands digit of 18492?
1
What is the thousands digit of 3090279?
0
What is the millions digit of 4737108?
4
What is the hundreds digit of 295656?
6
What is the hundreds digit of 14454?
4
What is the units digit of 393284?
4
What is the hundred thousands digit of 586104?
5
What is the thousands digit of 10658990?
8
What is the hundreds digit of 262792?
7
What is the tens digit of 11646966?
6
What is the units digit of 9061309?
9
What is the tens digit of 9684?
8
What is the millions digit of 16182825?
6
What is the hundred thousands digit of 683491?
6
What is the tens digit of 5094123?
2
What is the hundreds digit of 250483?
4
What is the hundred thousands digit of 3425027?
4
What is the units digit of 436185?
5
What is the hundred thousands digit of 4571924?
5
What is the ten thousands digit of 5625429?
2
What is the units digit of 906213?
3
What is the tens digit of 160355?
5
What is the hundred thousands digit of 2531605?
5
What is the units digit of 1682181?
1
What is the hundred thousands digit of 1510079?
5
What is the thousands digit of 27413696?
3
What is the millions digit of 1660168?
1
What is the thousands digit of 3723496?
3
What is the millions digit of 7625557?
7
What is the hundred thousands digit of 8180845?
1
What is the hundreds digit of 14472054?
0
What is the hundreds digit of 1302602?
6
What is the millions digit of 11450217?
1
What is the tens digit of 9822270?
7
What is the units digit of 120841?
1
What is the hundreds digit of 1841445?
4
What is the hundred thousands digit of 13913087?
9
What is the hundreds digit of 56846?
8
What is the thousands digit of 134204?
4
What is the tens digit of 748297?
9
What is the ten thousands digit of 216803?
1
What is the hundreds digit of 88305?
3
What is the thousands digit of 58347?
8
What is the hundred thousands digit of 953755?
9
What is the hundreds digit of 4054888?
8
What is the units digit of 568647?
7
What is the ten thousands digit of 475347?
7
What is the hundreds digit of 2124071?
0
What is the hundred thousands digit of 9157482?
1
What is the ten thousands digit of 23839480?
3
What is the thousands digit of 37413?
7
What is the units digit of 1855329?
9
What is the ten millions digit of 13186079?
1
What is the hundreds digit of 208725?
7
What is the tens digit of 353025?
2
What is the millions digit of 3451321?
3
What is the millions digit of 4478273?
4
What is the ten thousands digit of 337109?
3
What is the hundreds digit of 67983?
9
What is the hundreds digit of 589150?
1
What is the tens digit of 151586?
8
What is the hundred thousands digit of 3997919?
9
What is the millions digit of 12456995?
2
What is the hundreds digit of 3916314?
3
What is the thousands digit of 2627695?
7
What is the millions digit of 3056110?
3
What is the ten thousands digit of 168894?
6
What is the hundred thousands digit of 20223826?
2
What is the hundreds digit of 14670886?
8
What is the hundred thousands digit of 3025710?
0
What is the units digit of 1977410?
0
What is the thousands digit of 883616?
3
What is the thousands digit of 519673?
9
What is the ten thousands digit of 4346300?
4
What is the tens digit of 10566921?
2
What is the thousands digit of 299313?
9
What is the thousands digit of 96542?
6
What is the ten millions digit of 20556688?
2
What is the ten thousands digit of 98286?
9
What is the tens digit of 3656079?
7
What is the ten thousands digit of 512771?
1
What is the hundreds digit of 14827165?
1
What is the hundred thousands digit of 2729103?
7
What is the hundred thousands digit of 2140452?
1
What is the thousands digit of 950794?
0
What is the tens digit of 1829744?
4
What is the millions digit of 1303993?
1
What is the hundreds digit of 2390048?
0
What is the hundreds digit of 24310575?
5
What is the units digit of 320906?
6
What is the units digit of 17167428?
8
What is the ten thousands digit of 1417369?
1
What is the thousands digit of 2046154?
6
What is the thousands digit of 7511906?
1
What is the hundred thousands digit of 465381?
4
What is the millions digit of 19497514?
9
What is the hundreds digit of 443651?
6
What is the thousands digit of 11515764?
5
What is the units digit of 1988513?
3
What is the hundreds digit of 2801058?
0
What is the hundreds digit of 4632042?
0
What is the tens digit of 459158?
5
What is the units digit of 312422?
2
What is the units digit of 1684513?
3
What is the ten millions digit of 12276652?
1
What is the hundreds digit of 26926?
9
What is the units digit of 1742439?
9
What is the ten t